-3 + (-70)/(-24)). Calculate the highest common factor of 6 and m.
6
Suppose -107*z + 120*z = 260. Let t(n) be the third derivative of -7*n**4/12 + 2*n**3/3 - n**2. Let l be t(-4). What is the greatest common divisor of z and l?
20
Let d = -1049 - -1083. Calculate the greatest common factor of 1088 and d.
34
Let d = -38 - -58. Suppose 0 = 3*r - 5 - 7, 3*u = -3*r + 57. What is the greatest common factor of u and d?
5
Suppose 3*d + 144 = 5*i - 180, 2*i = 4*d + 138. What is the highest common factor of 42 and i?
21
Let v be (-15)/(-12)*2*2. Let c be 40/12*6/v. Suppose b + 0 - 20 = -d, -c*b + 3*d = -108. Calculate the highest common divisor of b and 120.
24
Suppose -232 = -7*o + 328. Calculate the highest common divisor of 304 and o.
16
Let h be (-2)/24 + 6489/108. Calculate the greatest common divisor of h and 228.
12
Let z(g) = -g**3 + 7*g**2 + g - 2. Let u be z(7). Suppose -6*c = -c + u. Let k be (3 + -2 + -22)*c. What is the highest common divisor of 14 and k?
7
Let l be 3 + (2 + -3)*13. Let m = -7 - l. Suppose n - d - 80 = 0, 8*n = m*n + d + 416. Calculate the highest common divisor of n and 12.
12
Suppose 5*r - 3*d + 6*d = 55, -2*r + 22 = 5*d. Calculate the highest common divisor of 187 and r.
11
Let n be (-234)/(-34) + (-54)/(-459). What is the greatest common factor of n and 161?
7
Let t(c) = 2*c**2 + 5*c**2 - c**2 + 3 + c**3 + 5*c. Let p be -1*1/((-5)/(-25)). Let s be t(p). Calculate the highest common divisor of 9 and s.
3
Suppose -k = -2*f + 77, 0 = 6*k - k - 25. Suppose -4*p - f = -w, 2*w - 42 = -2*p - 0*p. Suppose 6*t - w = 11. Calculate the highest common divisor of t and 30.
6
Let r = -27 - -33. Suppose -r*i + 8*i - 52 = 0. What is the highest common divisor of i and 78?
26
Suppose 0 = -5*v + 5 + 25. Let s be (80/v)/(6*(-1)/(-18)). Calculate the highest common divisor of 60 and s.
20
Suppose 3*p = 3*s - 111, 0*p + 114 = 3*s - 4*p. What is the greatest common factor of 544 and s?
34
Let w(m) = -m**2 + 9*m - 1. Let d be w(8). Suppose -2*x + d = -7. Suppose 0 = -3*t + 8*t - 140. Calculate the highest common factor of t and x.
7
Let u(k) = -k. Let n(i) = -28*i + 12. Let d(v) = n(v) + 6*u(v). Let h be d(-4). Calculate the greatest common divisor of 37 and h.
37
Suppose -2*m - 5*z + 58 = 0, -104 = 15*m - 19*m - 4*z. Calculate the highest common factor of 6 and m.
6
Let r = -7 - -30. Suppose 4*w = -5*y + r + 15, 2*y + 31 = 5*w. What is the highest common divisor of 28 and w?
7
Suppose -2*j + 5*a - 18 + 3 = 0, j + 4*a - 25 = 0. Suppose -j*z + 4*m = -38, -2*m - 27 - 7 = -4*z. Calculate the highest common factor of z and 110.
10
Let o be 4/26 + -536*3/(-26). Calculate the greatest common factor of o and 403.
31
Suppose 0 = -5*c + 7*z - 6*z - 73, 4*c + 5*z + 70 = 0. Let v(l) = -l + 1. Let u be v(c). Calculate the highest common factor of u and 40.
8
Let x = -2722 - -4781. What is the greatest common divisor of x and 71?
71
Let q(j) be the first derivative of 3*j**2/2 - 9*j - 4. Suppose -3*n = -c + 3 - 0, 0 = -3*n + 3. Let i be q(c). Calculate the highest common factor of 3 and i.
3
Suppose 10*g - 21 - 29 = 0. Let v be g/((-10)/4)*-1. Let z be -1*6*(-2)/2. Calculate the greatest common factor of z and v.
2
Suppose -z - 2*z - 2*x - 113 = 0, 3*x = z + 34. Let v = z + 48. What is the greatest common factor of v and 88?
11
Suppose 2*n = -3*s + n + 248, -3*s = 4*n - 263. Let u = -61 + s. What is the highest common factor of u and 4?
4
Let q be (-376)/6*(0 - 2 - 1). Suppose -4*g - q = -636. What is the greatest common factor of 16 and g?
16
Let n be ((-2944)/8)/(0 - (3 + -1)). What is the greatest common factor of 460 and n?
92
Suppose 4*c = -0*c + 12. Suppose 7*a - 3*a - 111 = -c*w, -120 = -4*w + 4*a. What is the highest common divisor of 3 and w?
3
Suppose 0 = -17*k + 22*k - 120. Calculate the greatest common divisor of k and 96.
24
Let x(o) = 19*o**2 - 9*o + 11. Let q be x(1). What is the highest common divisor of q and 714?
21
Suppose 50*u - 8 = 46*u. Let c be 7*u - (0/1)/3. Suppose 0 = 3*j + 2*j - 140. What is the greatest common divisor of c and j?
14
Let d(u) = u + 25. Let h be d(11). What is the highest common divisor of 108 and h?
36
Let z = 1183 - 1008. What is the highest common factor of z and 200?
25
Let m(o) be the first derivative of -10*o - 5/2*o**2 + 5. Let z be m(-8). Calculate the greatest common divisor of 12 and z.
6
Let u(j) = 3*j + 15. Let q be u(1). Suppose -3*a + 5*p = -123, -186 = -5*a + 3*p - p. What is the greatest common divisor of a and q?
18
Suppose 3*f - k = 406 + 399, -4*f + 3*k + 1065 = 0. Calculate the highest common divisor of f and 108.
54
Suppose -8 = 2*g + 2*g, -r + 2*g + 8 = 0. Suppose 0 = -14*p + 38*p - 96. What is the highest common divisor of p and r?
4
Let x = -5 + -10. Let m = 0 - x. Calculate the highest common factor of m and 165.
15
Suppose -2*f + 3*t + 575 = 0, -1137 = -5*f - 2*t + 291. Calculate the greatest common divisor of f and 13.
13
Let z = -18 + 139. Let x be (56 + -57)/((-3)/33 + 0). Calculate the highest common factor of x and z.
11
Let p = -23 - -53. Let x = -9 + 5. Let v = p - x. What is the greatest common factor of 51 and v?
17
Let u be (-2)/(-4) - 334/(-4). Suppose -5*g - y + 64 = 0, -5*y - 3 = -2*g + 1. Calculate the greatest common divisor of g and u.
12
Let f = -2 + 8. Suppose 0 = -f*l + 2*l + 240. What is the greatest common divisor of l and 150?
30
Let o(d) = 16*d + 416. Let r be o(-22). Calculate the greatest common divisor of r and 1072.
16
Let k(l) = l**3 + 14*l**2 - 30*l + 53. Let v be k(-16). Calculate the highest common factor of 273 and v.
21
Let z be ((-5)/5 + 3)*14/4. What is the greatest common divisor of 1 and z?
1
Let r(p) = -16*p + 144. Let z be r(8). What is the highest common divisor of 62 and z?
2
Suppose -v = -8*v + 28. Let w be 3*(660/9 + v). Calculate the greatest common divisor of w and 29.
29
Suppose -328 = -11*v + 387. Calculate the greatest common factor of v and 5.
5
Let w(a) = -a**3 + 11*a**2 + 15*a + 5. Let b be w(12). Let j = -14 + b. Calculate the greatest common divisor of j and 3.
3
Suppose 4*v - 145 = 7*y, -3*v - 3*y + 155 = v. Calculate the highest common factor of v and 209.
19
Suppose -2*w - 12 = -6*w + x, 5*w + 5*x - 40 = 0. Let h be (-24)/18*(-6)/w. Let v be (-1 + 59)/h - 1. Calculate the highest common divisor of 7 and v.
7
Let g be ((-72)/(-33) - 2) + (-168)/77. Let i(k) = -8*k**3 - 2*k**2 - 5*k. Let v be i(g). Calculate the highest common divisor of v and 22.
22
Let f(y) = -y**3 + 5*y**2 + 12*y + 52. Let s be f(-9). What is the greatest common factor of 49 and s?
49
Let l = 229 - 25. What is the highest common divisor of 12 and l?
12
Let v(d) = 2*d**3 - 4*d**2 - 11*d + 41. Let h be v(5). What is the greatest common factor of 17 and h?
17
Let r be (-20)/7 - 4/28. Let u(p) = -p**2 - 4*p + 1. Let s be u(r). Suppose s*w - 18 = 38. What is the highest common factor of 7 and w?
7
Let s = -18 + 30. Let j be s - 1/(-2)*0. Suppose -7*l = -5*l - 192. What is the greatest common divisor of j and l?
12
Suppose -6 = 2*x, 3*x - 9 = -4*i - 2. Suppose -5*g - 5*f + 410 = 0, i*g + 3*f + 189 = 516. What is the greatest common divisor of 27 and g?
27
Let b be (-344190)/(-750) - (-4)/50. Calculate the greatest common divisor of 27 and b.
27
Suppose 7*u + 0*u = 2331. Suppose 135 = b + g, 3*b = -5*g + 74 + u. Let n = -92 + b. Calculate the highest common factor of n and 14.
14
Suppose -5 + 73 = -4*f. Let l(c) = -2*c + 37. Let k be l(9). Let t = k + f. What is the greatest common divisor of 3 and t?
1
Let h = 129 - -55. Calculate the highest common divisor of h and 8.
8
Let j = -28 + 26. Let p be j - ((-25)/15)/(3/27). What is the highest common divisor of p and 91?
13
Let u = -9 + 17. Let k = 347 - 216. Suppose -4*a - 2*i + 358 = 0, 4*i = -3*a + 145 + k. Calculate the highest common divisor of a and u.
8
Suppose -2*r = r - 15. Suppose -5*s + 59 = 4*x + 5, 3*x - 53 = -r*s. Suppose 9*y - 76 = 14. What is the greatest common divisor of s and y?
10
Suppose 83*h - 27234 - 13270 = 0. Calculate the greatest common divisor of 366 and h.
122
Let p(g) = g**3 + 16 - 54*g**2 + 23*g**2 + 40*g**2 + 4*g. Let b be p(-8). What is the highest common factor of b and 120?
24
Suppose 0 = 4*r + 3*w - 209, -5*r + 203 = -2*w - 41. Suppose -56 = 2*c - 10*c. Suppose -v - c = -27. What is